, 313, 160807
List the prime factors of 855329199.
3, 509, 560137
List the prime factors of 448826199.
3, 89, 601, 2797
List the prime factors of 69342410.
2, 5, 6934241
List the prime factors of 591456122.
2, 61, 4848001
List the prime factors of 113129219.
7, 2467, 6551
List the prime factors of 77546649.
3, 1987, 13009
List the prime factors of 369958555.
5, 1399, 52889
What are the prime factors of 127891517?
13, 9837809
List the prime factors of 236327907.
3, 78775969
List the prime factors of 78230571.
3, 83, 211, 1489
What are the prime factors of 38847258?
2, 3, 2158181
What are the prime factors of 10520525?
5, 283, 1487
List the prime factors of 1352546375.
5, 179, 60449
What are the prime factors of 125993887?
47, 2680721
What are the prime factors of 300956949?
3, 53, 263, 2399
What are the prime factors of 101937107?
101937107
List the prime factors of 2543861465.
5, 983, 517571
What are the prime factors of 24838629?
3, 8279543
List the prime factors of 8467775646.
2, 3, 11, 128299631
List the prime factors of 95782418.
2, 29, 37, 44633
What are the prime factors of 1894226594?
2, 13, 23, 1693, 1871
What are the prime factors of 62504161?
131, 477131
List the prime factors of 260911712.
2, 8153491
What are the prime factors of 39178571?
39178571
List the prime factors of 91896272.
2, 13, 83, 5323
What are the prime factors of 52885416?
2, 3, 2203559
What are the prime factors of 622973551?
17, 31, 37, 43, 743
List the prime factors of 907005140.
2, 5, 313, 144889
List the prime factors of 384873614.
2, 19, 10128253
What are the prime factors of 280094874?
2, 3, 23, 787, 2579
What are the prime factors of 5997785549?
7, 856826507
List the prime factors of 1604772609.
3, 11, 48629473
What are the prime factors of 368295864?
2, 3, 103, 383, 389
What are the prime factors of 8069726145?
3, 5, 13, 151, 274061
List the prime factors of 369857492.
2, 109, 848297
What are the prime factors of 50077494?
2, 3, 927361
What are the prime factors of 1821233790?
2, 3, 5, 19, 733, 1453
List the prime factors of 17453124.
2, 3, 13, 31, 401
What are the prime factors of 10754698?
2, 641, 8389
List the prime factors of 920501839.
17, 109, 496763
List the prime factors of 305755138.
2, 13, 904601
What are the prime factors of 3502511550?
2, 3, 5, 2594453
What are the prime factors of 906912977?
23, 383, 102953
What are the prime factors of 1082571126?
2, 3, 7, 13, 67, 101, 293
What are the prime factors of 1853604501?
3, 7, 277, 318653
List the prime factors of 2083259870.
2, 5, 53, 167, 23537
List the prime factors of 110414274.
2, 3, 18402379
What are the prime factors of 37109428?
2, 41, 71, 3187
What are the prime factors of 613453520?
2, 5, 1307, 5867
What are the prime factors of 1214248612?
2, 2161, 140473
What are the prime factors of 251305605?
3, 5, 41, 45403
List the prime factors of 27094071.
3, 41, 181, 1217
What are the prime factors of 1344890510?
2, 5, 293, 459007
List the prime factors of 122169748.
2, 30542437
List the prime factors of 338173764.
2, 3, 28181147
List the prime factors of 80286597.
3, 17, 571, 919
List the prime factors of 13051006.
2, 109, 131, 457
List the prime factors of 21730211.
37, 587303
List the prime factors of 108881323.
593, 183611
List the prime factors of 344591067.
3, 114863689
List the prime factors of 704918473.
7, 1409, 71471
What are the prime factors of 625884792?
2, 3, 13, 31, 163, 397
List the prime factors of 561892621.
569, 987509
What are the prime factors of 144379764?
2, 3, 4010549
What are the prime factors of 3281477651?
3281477651
What are the prime factors of 399443506?
2, 7, 11, 29, 47, 173
What are the prime factors of 5890995706?
2, 2945497853
List the prime factors of 18981838.
2, 9490919
List the prime factors of 476452907.
7, 59, 1153639
What are the prime factors of 26541032?
2, 7, 29, 59, 277
What are the prime factors of 837947709?
3, 19, 41, 107, 1117
What are the prime factors of 408760422?
2, 3, 7, 127, 197, 389
What are the prime factors of 2907671856?
2, 3, 60576497
What are the prime factors of 530128339?
13, 2713, 15031
What are the prime factors of 476718069?
3, 71, 2238113
What are the prime factors of 386953310?
2, 5, 89, 197, 2207
What are the prime factors of 489124037?
489124037
What are the prime factors of 144769752?
2, 3, 31, 37, 1753
List the prime factors of 2804748937.
89, 631, 49943
List the prime factors of 4102677696.
2, 3, 13, 1643701
What are the prime factors of 128715507?
3, 4767241
What are the prime factors of 8738329737?
3, 2912776579
List the prime factors of 3961083570.
2, 3, 5, 631, 209249
List the prime factors of 44591933.
44591933
What are the prime factors of 45422332?
2, 23, 493721
List the prime factors of 74630386.
2, 37315193
List the prime factors of 23997104.
2, 107, 131
List the prime factors of 1453750270.
2, 5, 7, 31, 669931
What are the prime factors of 318638412?
2, 3, 17, 23, 22637
What are the prime factors of 98792101?
443, 223007
What are the prime factors of 3210170531?
67, 47912993
What are the prime factors of 1262547928?
2, 157818491
List the prime factors of 2459382.
2, 3, 409897
What are the prime factors of 191659463?
29, 67, 98641
What are the prime factors of 2643836953?
31, 167, 463, 1103
List the prime factors of 331081222.
2, 17, 9737683
What are the prime factors of 206229461?
6043, 34127
List the prime factors of 2216924119.
107, 20718917
What are the prime factors of 119647413?
3, 61, 217937
What are the prime factors of 656784249?
3, 11, 1809323
List the prime factors of 332689663.
332689663
List the prime factors of 50571189.
3, 307, 6101
List the prime factors of 3730060903.
23, 162176561
What are the prime factors of 3674940548?
2, 661, 1389917
What are the prime factors of 39220016?
2, 11, 222841
What are the prime factors of 1827633539?
1827633539
List the prime factors of 63057197.
7, 9008171
List the prime factors of 261191258.
2, 7901, 16529
What are the prime factors of 2600141818?
2, 1300070909
List the prime factors of 60038329.
13, 4618333
List the prime factors of 1683161381.
11, 17, 59, 373, 409
List the prime factors of 8350150.
2, 5, 23, 53, 137
What are the prime factors of 31978889?
31978889
What are the prime factors of 15012279?
3, 1668031
List the prime factors of 36279528.
2, 3, 1511647
What are the prime factors of 565422957?
3, 11, 19, 9109
List the prime factors of 398784946.
2, 7, 17, 1675567
List the prime factors of 1343673.
3, 149297
List the prime factors of 1226294585.
5, 149, 1646033
What are the prime factors of 1396110175?
5, 55844407
List the prime factors of 1069446103.
11, 19, 5116967
What are the prime factors of 3097898247?
3, 1032632749
List the prime factors of 159008307.
3, 53002769
List the prime factors of 707020799.
19, 3109, 11969
List the prime factors of 1889798757.
3, 7, 11, 937, 8731
What are the prime factors of 599287189?
19, 4129, 7639
List the prime factors of 55441815.
3, 5, 11, 13, 25847
List the prime factors of 3085684928.
2, 41, 389, 3023
List the prime factors of 326991155.
5, 67, 976093
What are the prime factors of 403417334?
2, 1667, 121001
What are the prime factors of 533014694?
2, 266507347
List the prime factors of 1466010370.
2, 5, 11, 47, 233, 1217
List the prime factors of 700577530.
2, 5, 79, 886807
What are the prime factors of 201997947?
3, 1483, 45403
List the prime factors of 77687597.
13, 5975969
List the prime factors of 870432608.
2, 23, 179, 6607
List the prime factors of 762635017.
762635017
List the prime factors of 215033093.
11, 1777133
What are the prime factors of 2298128539?
7, 17863, 18379
List the prime factors of 4561406064.
2, 3, 31676431
What are the prime factors of 68330235?
3, 5, 29, 157081
What are the prime factors of 150991938?
2, 3, 103561
What are the prime factors of 1619732?
2, 307, 1319
What are the prime factors of 104831807?
43, 199, 12251
List the prime factors of 2519038898.
2, 139, 2467, 3673
What are the prime factors of 3980219665?
5, 509, 1563937
What are the prime factors of 2670088864?
2, 1873, 44549
List the prime factors of 28047367.
239, 117353
What are the prime factors of 48499044?
2, 3, 11, 461, 797
What are the prime factors of 1938882585?
3, 5, 129258839
List the prime factors of 57142687